) - 3*i(l). Determine t(6).
3
Let t(r) = 2*r + 6. Let d(n) = -10*n - 31. Let i(f) = 2*d(f) + 11*t(f). Let h be -2 - (2 + 0/1). Give i(h).
-4
Let t(q) = 9 + 2*q**2 - 3*q**2 - 2*q + 7*q**2 - q**3. Let p(f) = -2*f + 2. Let m be p(-2). What is t(m)?
-3
Let k(s) be the second derivative of -s**5/20 + s**4/4 + 5*s**3/6 + s**2 + 169*s. Let o(v) = v**2 - 3*v - 6. Let x be o(5). Determine k(x).
6
Suppose -5*x + 57 = -13. Let y(o) = o - 16. Let n be y(x). Let p(j) = -j**3 - j**2 + 2*j + 3. Calculate p(n).
3
Let a(s) = -s**2 - 4*s - 4. Let n be a(-2). Let p(d) = d - 9. Determine p(n).
-9
Let g(z) = z**3 + z**2 + z - 6. Let f be g(0). Let y(r) = -r - 3. Calculate y(f).
3
Let w(c) = c**3 + 6*c**2 - 7*c + 4. Let s be w(-7). Let u(v) = -s + 2 + 2*v + 2*v + v**2. Suppose 4*o = -23 + 7. Give u(o).
-2
Let c(w) = -w + 4. Let j be 4/(-6) - 14/(-3). Let p be (-1)/(12/9)*j. Let g = p - -3. Give c(g).
4
Let a(t) = -11*t**2 + 10*t**2 + t**3 + t + 0*t**3 - 1 - 3*t. Calculate a(2).
-1
Suppose -3*k - 5*v + 28 = -k, 5*k + v - 24 = 0. Let d = -10 - -16. Let i(r) = -d*r + 28 + r**2 - 29 + 3*r. Determine i(k).
3
Let a(h) = 2*h + 2. Let d(x) = 5*x + 5. Let b(g) = -8*a(g) + 3*d(g). What is b(3)?
-4
Let m(y) be the first derivative of -y**3/3 - 5*y**2 - 7*y - 3. Let z be m(-9). Let n(c) = c**3 - 2*c**2 + 1. What is n(z)?
1
Let n(j) = j**3 + 5*j**2 - j + 3570 + 4*j - 3572. Determine n(-5).
-17
Let q(y) be the third derivative of y**5/60 + y**3/3 - y**2. Let a(r) be the first derivative of q(r). Suppose 4*h - 2 = 6. Calculate a(h).
4
Let f be (-1 - -1)/1 + 1. Let g be (16 - 4)*f/2. Let v(t) = t**3 - 6*t**2 + 7. What is v(g)?
7
Let b(u) be the second derivative of 13*u**3/6 + 33*u. Calculate b(-1).
-13
Let v(z) be the first derivative of -3*z**2/2 + 9. Let x be (6/(-4))/((-9)/12). Calculate v(x).
-6
Let q be 32/6 - (-6)/(-18). Let f(h) = -h + 7. Determine f(q).
2
Suppose -3 = 2*n - 5*n. Suppose -n = -2*k + 7. Let v(l) = 3*l - 2. What is v(k)?
10
Let g(p) = 3*p. Let r = -5 + 2. What is g(r)?
-9
Let t(f) = f**2 - 6*f + 6. Suppose -4*i + 5 = -3. Suppose -2*r + 8 = i. Suppose 6*c - 12 = r*c. What is t(c)?
-2
Let v(s) be the third derivative of 1/24*s**4 - s**2 + 1/2*s**3 + 0*s + 0. Suppose 4*a - a = -x + 14, -2*a - 4*x = -6. Calculate v(a).
8
Let k(d) be the third derivative of -d**5/60 - d**4/6 + d**3/6 + d**2. Suppose 0*j - 3*j - 6 = 0. Let t(m) = 3*m + 2. Let i be t(j). Calculate k(i).
1
Let x = 1 - 1. Let m be x + 2/1 + 0. Let n(h) = 4*h**2 - 6*h - 2. Let i(d) = 3*d**2 - 5*d - 1. Let w(p) = -3*i(p) + 2*n(p). Determine w(m).
1
Suppose 2*d - 8 - 4 = -5*z, d + 5*z - 11 = 0. Let w(t) = -13*t + 1. Give w(d).
-12
Suppose s = -2*s - 12. Let m(w) = -w**3 - 6*w**2 - 6*w - 4. What is m(s)?
-12
Let z(g) be the second derivative of 2*g + 1/2*g**3 + 0 + 0*g**2. Suppose 0*u + 5*o + 15 = 5*u, -5*u + 4*o + 14 = 0. Determine z(u).
6
Let t(v) = v**2 - 5*v - 4. Let k(u) = u + 13. Let w be k(-16). Calculate t(w).
20
Let o(m) = -m**2 + m - 3. Let v be o(0). Let l(d) be the third derivative of 0*d + 0 + 1/60*d**5 - 1/2*d**3 + 1/8*d**4 + 4*d**2. Determine l(v).
-3
Let r(v) = -7*v - 2. Let m(y) = 3*y + 1. Let n(q) = 5*m(q) + 3*r(q). Determine n(2).
-13
Let d(p) = -3*p - 10. Let s be d(-4). Let h(f) = -2*f + 2. Give h(s).
-2
Suppose 0 = 2*i - 0*i. Let j(g) = g**2 + 1. What is j(i)?
1
Let j(s) = 2*s**2 + 4*s + 4. Let w be j(0). Let g(l) = 2*l - 3 - 3*l + 3*l. Give g(w).
5
Let v be (-8)/(-2*2) - -1. Let i(t) = t**2 - t - 2. Give i(v).
4
Let x(v) = 2*v + 2. Let k = -7 - -6. Let p = k - -4. Suppose -2*l - p*w - 18 = -5*l, 2*l - 5*w - 21 = 0. What is x(l)?
8
Let r(f) = -4*f + 3. Let h be 6/(-9)*(2 - 8). Suppose 0*x - 3 = -4*g - 5*x, -4*x = 4*g - h. Give r(g).
-5
Let f(w) = w - 68 + 68. Determine f(-6).
-6
Suppose -5 = -w - 4. Let x be -2 + w - -2 - 1. Let y(k) = -k - 10. Determine y(x).
-10
Let i(p) be the second derivative of -p**4/12 + 5*p**2/2 + 6*p. What is i(0)?
5
Let d(z) = -z**2 + 9*z - 1. Suppose -2*x - s = -0*x - 18, 0 = 2*x + 4*s - 30. Give d(x).
13
Let h = 0 - -1. Let g(b) be the second derivative of 3*b + 1/6*b**4 + 1/2*b**2 + 0 - 1/6*b**3. Give g(h).
2
Suppose -g = a - 7, 3*g + 2*a = 15 + 1. Let i(s) = s**2 - 8*s + 1. Let y be i(8). Let n = y + g. Let q(j) = -j**3 + 4*j**2 - 2*j - 4. Determine q(n).
-1
Let u(k) = -3 + 0 - k + 0*k. Suppose -o + 5 = -0. What is u(o)?
-8
Let q = -2 - -4. Let s(g) = -47*g**2 + 88*g**2 - g**3 - 39*g**2 + 1. Give s(q).
1
Suppose 0 = 4*u - 4*k - 4, 0*u - 5*k = u - 7. Let a(c) = 1 - c**2 - 3*c + 4 - u - 2*c. Determine a(-4).
7
Let v(w) = w**3 - 6*w**2 + 3*w + 6. Suppose 3 = a - 4*d + 2, d = a - 4. Suppose -a*j + 25 = -0*j. What is v(j)?
-4
Let h(m) = -m**3 + 5*m**2 + 8*m - 7. Let j be h(6). Suppose a + 13 = j*g, -g = 3*g - 3*a - 6. Let b(c) = g - 4*c + 2 - 3. Give b(2).
-6
Let f be (-8)/(-2) - 2*1. Let b(h) = -2*h. Let t be b(f). Let m(r) = -4*r + 19. Let g(l) = 3*l - 13. Let s(j) = 7*g(j) + 5*m(j). What is s(t)?
0
Let z(n) = -13*n + 25*n - 11*n. Give z(2).
2
Let l(t) = t**2 + 5*t - 7. Let f(r) = r**3 + 6*r**2 - 5*r + 9. Suppose -z = -4*s + 23, -z - 3*s + 3 + 2 = 0. Let j be f(z). Calculate l(j).
-7
Let n(w) = -2*w**2 - 5*w**2 + 2*w + 6*w**2 + 2 + 1. Determine n(-3).
-12
Let x(k) be the first derivative of -k**2/2 + 4*k - 3. Give x(-3).
7
Suppose f = -f. Let l(g) = -g. Determine l(f).
0
Suppose 12 = 3*v + 3*q, -4*v - 2*q + 2 = -5*q. Let a(g) = -3 - 3*g - v + 4. Suppose -4 = -o + 3*o. Calculate a(o).
5
Let u be (-30)/5*(-2)/12. Let r(g) be the second derivative of -11*g**3/6 + g**2/2 + 2*g. Determine r(u).
-10
Let b(c) be the third derivative of c**4/24 - c**3/6 + c**2. Let n = 20 - 26. Determine b(n).
-7
Let d(c) = c**2. Let r(v) = -5*v**2 + 2*v + 7. Let n(y) = -4*d(y) - r(y). Let b(m) = 2*m**3 - 7*m**2 - 3*m + 1. Let x be b(4). Calculate n(x).
8
Let u = 1 + -8. Let f be ((-12)/10)/(3/(-10)). Let i = f + u. Let h(s) = s + 7. Determine h(i).
4
Let s(k) = -6*k**2 + k - 8. Let r(q) = -q**2 - 1. Let v(d) = 5*r(d) - s(d). Suppose -2*c = 3*c. Give v(c).
3
Let y(x) = -100*x**2 - 7*x**3 + 1 + 2*x + 102*x**2 + 0*x. Give y(-1).
8
Let m(a) be the second derivative of a**5/15 - a**4/24 - 5*a**2/2 - 3*a. Let t(k) be the first derivative of m(k). Determine t(-1).
5
Let x(h) = -3*h**3 + 3*h - 3. Let o(t) = -2*t**3 + 3*t - 3. Suppose -9 = -4*f - p + 8, -f - 2*p + 6 = 0. Let d(z) = f*o(z) - 3*x(z). Determine d(2).
11
Let u be (-1 - (-7)/2)*-2. Let q(k) be the third derivative of k**5/60 + 5*k**4/24 - 5*k**3/6 + 23*k**2. Give q(u).
-5
Let g(l) be the first derivative of l**3/2 - l**2 + 4*l - 5. Let d(f) be the first derivative of g(f). Suppose 0 = 4*t - 6 - 2. Calculate d(t).
4
Let f(i) = 4*i + 1. Suppose -6*t + 6 = -3*t. Let r = t + -3. Give f(r).
-3
Let l(b) = -3*b**2 - b + 3. Let v(s) = -2*s**2 + 2. Let p(m) = -3*l(m) + 4*v(m). What is p(-5)?
9
Let t(y) = 2*y - 9. Let j be t(6). Suppose -12 = j*v, -4*a = 4*v + 3 + 1. Let n(x) = 4*x**2 - 5*x**2 - 2*x**2 - x**3 + 5*x + a. Determine n(-4).
-1
Let d be (12/10)/((-2)/10). Let i = 176 - 117. Let u(z) = 65 - i + 2*z - z. Calculate u(d).
0
Let f(l) be the third derivative of l**6/120 - l**5/60 - l**4/24 + 11*l**3/6 + 12*l**2. Let m be (0/(-3))/(0 - -1). What is f(m)?
11
Let m(h) be the first derivative of 2*h**3/3 - h**2/2 + h - 5. Let n be -3*2/(-12)*2. Give m(n).
2
Suppose 0 = 5*p - 5, 8*l + p - 16 = 3*l. Let i(g) = 3 - 4 - 2 + g**l + g**2. Suppose -4*f - f = 0. Calculate i(f).
-3
Let x(h) = -5*h + 18*h**2 - 10*h**2 + 4*h + 1 + 8*h**2. Determine x(1).
16
Let o(k) = k**2 - 5*k + 3. Suppose j - 2*j = 4. Let x(t) = -2*t + 14. Let i(n) = -5*n + 30. Let z(f) = -3*i(f) + 7*x(f). Let p be z(j). Calculate o(p).
-1
Suppose 3*u = -0*u. Let d(t) = t**3 + t - 7. What is d(u)?
-7
Let v(z) = z**3 - 4*z**2 - 2*z - 6. Let w(t) = t**2 + 5*t + 2. Let s be w(-5). Let m(n) = n**3 - 5*n + 7. Let r be m(s). Calculate v(r).
9
Suppose -2*a = a - 9. Let k = a + -5. Let d be -3*k*3/6. Let i(o) = 4*o - 1. Give i(d).
11
Let w be 10/(-2) + 2 - -3. Let j(r) be the first derivative of w*r**2 + 0*r + 1/4*r**4 + 2 + r**3. Give j(-3).
0
Let j = -10 + 14. Suppose j*d - 8 = 3*n, -2*n - 4*d + 2 + 6 = 0. Suppose n*x - 5*x - 25 = 0. Let m(o) = o + 7. What is m(x)?
2
Let k(l) = l**3 + 4*l**2 + l - 3. Let v be (-6)/9*3 - -2. Let j = v + 2. Suppose -j = -3*p - 11. Determine k(p